 is 10000101000100 + -11001?
10000100101011
In base 12, what is -103475 - a?
-103483
In base 10, what is 4 + 246495?
246499
In base 15, what is 1923b1 - 1?
1923b0
In base 9, what is 14878 - -132?
15121
In base 6, what is -2011 + 20?
-1551
In base 11, what is 27 + -a578?
-a551
In base 6, what is 545 + -2015?
-1030
In base 3, what is -222101 - -101002?
-121022
In base 7, what is -5162 - -3?
-5156
In base 6, what is 1 + -4350321?
-4350320
In base 3, what is -1222 - -212122011?
212120012
In base 16, what is 3 + aade4?
aade7
In base 15, what is 1 + -b33d6?
-b33d5
In base 6, what is 22435211 + -2?
22435205
In base 12, what is -231 + 273?
42
In base 14, what is -25da - 14?
-2610
In base 13, what is 2a - b1b5?
-b188
In base 3, what is 112211201 + 112?
112212020
In base 10, what is 20 - -113896?
113916
In base 14, what is 583 - 770?
-1cb
In base 6, what is -32 - 104435?
-104511
In base 11, what is -a9180 - 2?
-a9182
In base 3, what is 1122110 + 2002111?
10201221
In base 2, what is 0 - 1000001111?
-1000001111
In base 5, what is 314014 - 13?
314001
In base 9, what is 4003 - 71?
3822
In base 15, what is -16 + -1141c?
-11433
In base 4, what is 3 + -301122?
-301113
In base 4, what is 22333 - -32332?
121331
In base 12, what is -29 - -263?
236
In base 8, what is -3 + 4712074?
4712071
In base 3, what is -10121112 + 110210?
-10010202
In base 13, what is -1b2a2 + 23?
-1b27c
In base 15, what is bc - -d?
ca
In base 16, what is -2901 - -2?
-28ff
In base 15, what is -1ec - bbb?
-db8
In base 12, what is -1012a8 - -1?
-1012a7
In base 5, what is -1 + -42104?
-42110
In base 7, what is 631 - -1223?
2154
In base 13, what is 59 - 37096?
-3703a
In base 2, what is 10 - 1000100010101111?
-1000100010101101
In base 6, what is 4 - -522005?
522013
In base 7, what is -24 - 1106163?
-1106220
In base 15, what is 5 - -256b?
2571
In base 12, what is -1229 + -10?
-1239
In base 11, what is -9008 - -4?
-9004
In base 5, what is 0 - -31312422?
31312422
In base 2, what is 110001001 + 1111101?
1000000110
In base 2, what is -10 - -10100010000111?
10100010000101
In base 3, what is 100 + 211200210?
211201010
In base 10, what is 259374 - 3?
259371
In base 6, what is 13211334 + -1?
13211333
In base 11, what is -1 + 58a3?
58a2
In base 6, what is -105 + -101502?
-102011
In base 3, what is -20211 + -1011202?
-1102120
In base 2, what is -101 - -11100100111111101?
11100100111111000
In base 11, what is -16 + -8349?
-8364
In base 12, what is -31 + 4480?
444b
In base 3, what is 10 + 12001120?
12001200
In base 8, what is 14 + 165415?
165431
In base 12, what is -4 - -69a?
696
In base 12, what is -382 + 88?
-2b6
In base 13, what is c646a + -4?
c6466
In base 2, what is -10000 - -110110000011?
110101110011
In base 5, what is -2 - 2420420?
-2420422
In base 10, what is 9543 + -1?
9542
In base 10, what is 0 - 95480?
-95480
In base 13, what is 19 + 5b0?
5c9
In base 5, what is 1130440 + -3001?
1122434
In base 5, what is -321 - 132000?
-132321
In base 7, what is 5450 + 25?
5505
In base 6, what is 11 - -41521?
41532
In base 9, what is 21 - 4248?
-4227
In base 8, what is 4 + -1724031?
-1724025
In base 7, what is -10 + -460404?
-460414
In base 3, what is 10 + 1220000112012?
1220000112022
In base 16, what is -695 + -2c7?
-95c
In base 16, what is -18679 + 5?
-18674
In base 9, what is -3 + 4153?
4150
In base 13, what is 111 + 10a3?
11b4
In base 5, what is -142 - -124?
-13
In base 13, what is 3c - -6b0?
71c
In base 4, what is -2311330 + 122?
-2311202
In base 5, what is 4 + -1131130?
-1131121
In base 6, what is 5 - 32435?
-32430
In base 10, what is 2 - -1427466?
1427468
In base 3, what is -200 - -2111200000?
2111122100
In base 5, what is 3222 - -1203?
4430
In base 2, what is -10 + -10101010110100110?
-10101010110101000
In base 4, what is 1331 + -10201101?
-10133110
In base 11, what is 7a597 + -3?
7a594
In base 3, what is 1101 + -1100212222?
-1100211121
In base 13, what is 37a + -72?
308
In base 9, what is 1334 - 64?
1260
In base 13, what is 4 - 4351?
-434a
In base 9, what is 30081 + 45?
30136
In base 12, what is 38b632 - 1?
38b631
In base 11, what is -260 - 4280?
-4530
In base 8, what is 241 - 106?
133
In base 5, what is -300 + -20232?
-21032
In base 13, what is 1c7aa - -b?
1c7b8
In base 9, what is 636 - -3617?
4354
In base 8, what is 61567 + -2?
61565
In base 15, what is -b + -1cb4e?
-1cb5a
In base 11, what is -5 - 137908?
-137912
In base 4, what is -2 - -13322023?
13322021
In base 2, what is 10101 - 111011111101110?
-111011111011001
In base 11, what is 284 + -2a1?
-18
In base 10, what is -1144280 + 5?
-1144275
In base 11, what is -14a - -1338?
1199
In base 10, what is -22 - 3092?
-3114
In base 11, what is 11963 + -5?
11959
In base 5, what is -400104 + 33?
-400021
In base 15, what is 10da2d - 1?
10da2c
In base 9, what is 21150 - -40?
21200
In base 8, what is 2674 - 236?
2436
In base 14, what is 106d - -24?
1093
In base 6, what is -3 + -102021?
-102024
In base 13, what is -226c + 13?
-2259
In base 5, what is 2 + 23014?
23021
In base 9, what is 72584 + 2?
72586
In base 8, what is -11 - 222443?
-222454
In base 10, what is 21 + -1128?
-1107
In base 9, what is 1015467 - 6?
1015461
In base 13, what is 75 + 56ba?
5762
In base 2, what is -1111100001110 + -1110?
-1111100011100
In base 2, what is -101 + -10101110100011111?
-10101110100100100
In base 9, what is -258 - -3?
-255
In base 5, what is 4 - 24133232?
-24133223
In base 14, what is -b3 - -ad9?
a26
In base 14, what is -615ab - 0?
-615ab
In base 2, what is -100 + 110010011010000?
110010011001100
In base 6, what is 13 - -15025?
15042
In base 7, what is -125 + -266?
-424
In base 9, what is 24 + -664?
-640
In base 16, what is 47 + 922?
969
In base 5, what is -10132 + 124302?
114120
In base 14, what is -77 - 2c0?
-357
In base 6, what is 24224 + 20?
24244
In base 12, what is -14 - 14751?
-14765
In base 13, what is 14 - 3b85?
-3b71
In base 9, what is -1 + -237025?
-237026
In base 7, what is -250006 - 1?
-250010
In base 16, what is -3 - -5797?
5794
In base 6, what is 155405 - 2?
155403
In base 9, what is -426 - -663?
236
In base 16, what is 19b55 - 2?
19b53
In base 3, what is 10001000 - -110?
10001110
In base 11, what is -9a871 - 1?
-9a872
In base 4, what is 1210 - -1010?
2220
In base 15, what is 8 - -170a7?
170b0
In base 16, what is -3 + -81f0?
-81f3
In base 10, what is -5574 - 2?
-5576
In base 12, what is a99 - -70?
b49
In base 7, what is -14651 - 3?
-14654
In base 13, what is 8 + 90914?
9091c
In base 6, what is 24123002 + -5?
24122553
In base 16, what is -1080 - -12?
-106e
In base 15, what is -1e1 + 89?
-157
In base 14, what is -5 + -ca74?
-ca79
In base 8, what is 6404 + -27?
6355
In base 15, what is 1cc1 + 8?
1cc9
In base 11, what is 4 - -255100?
255104
In base 8, what is 110 + -116555?
-116445
In base 16, what is 1d + -9cb?
-9ae
In base 2, what is -1010 - 1110110?
-10000000
In base 14, what is 1a2 - 1058?
-c96
In base 15, what is -382 + 76?
-30b
In base 5, what is 2304241 + -14?
2304222
In base 4, what is -22210311 - 11?
-22210322
In base 2, what is 1001111111001 - -10001?
1010000001010
In base 12, what is -5823b - 5?
-58244
In base 5, what is -203 + -212413?
-213121
In base 9, what is -1 + 24764?
24763
In base 13, what is 0 - -89a2c?
89a2c
In base 12, what is -25b2 - 21?
-2613
In base 15, what is bbc4 + b?
bbd0
In base 16, what is -d + 12fb7?
12faa
In base 8, what is 10000 - -605?
10605
In base 10, what is 165 - 470?
-305
In base 4, what is 1003131223 - -13?
1003131302
In base 11, what is -3205 - 9?
-3213
In base 14, what is -1522 + -3?
-1525
In base 9, what is -2 - 111878?
-111881
In base 3, what is 1002 - -101211?
102220
In base 9, what is 31 + -17?
13
In base 6, what is -333 + -524?
-1301
In base 6, what is 10 + 3104?
3114
In base 4, what is -2203232 + -2?
-2203300
In base 6, what is -35 - 250500?
-250535
In base 6, what is 2 - -1205545?
1205551
In base 11, what is -97656 - 1?
-97657
In base 9, what is 5215 + -38?
5166
In base 15, what is -1 + 2743b?
2743a
In base 7, what is 2 - 15354?
-15352
In base 7, what is -2241 - -25?
-2213
In base 16, what is -17 + 3bf1?
3bda
In base 5, what is -124 - -241432?
241303
In base 12, what is -470 + -34?
-4a4
In base 4, what is 22112 - -22233?
111011
In base 3, what is 21 + 1020011221211?
1020011222002
In base 4, what is -32002 - 10?
-3